{"id":2640,"date":"2025-11-11T02:08:09","date_gmt":"2025-11-11T02:08:09","guid":{"rendered":"https:\/\/201.244.122.220\/?post_type=product&#038;p=2640"},"modified":"2026-02-19T15:23:51","modified_gmt":"2026-02-19T15:23:51","slug":"depositario-de-efectivo-con-modulo-de-monedas","status":"publish","type":"product","link":"https:\/\/bankersdecolombia.com\/?product=depositario-de-efectivo-con-modulo-de-monedas","title":{"rendered":"DEPOSITARIO DE EFECTIVO CON MODULO DE MONEDAS"},"content":{"rendered":"<h3>Caracter\u00edsticas principales<\/h3>\n<ul>\n<li>M\u00e1quina para depositar Billetes y monedas, dep\u00f3sito continuo.<\/li>\n<li>M\u00e1quina con procesamiento de alta velocidad y gran capacidad de dep\u00f3sito, es la soluci\u00f3n ideal para la gesti\u00f3n de efectivo y monedas en comercios minoristas y la optimizaci\u00f3n de servicios de transferencias de fondos.<\/li>\n<li>Se puede aplicar en cualquier escenario donde se realicen grandes vol\u00famenes de transacciones de efectivo y monedas, ofreciendo un servicio de gesti\u00f3n de divisas m\u00e1s eficiente y seguro.<\/li>\n<li>Dep\u00f3sito continuo de efectivo.<\/li>\n<li>Pantalla tactil 15\u201d.<\/li>\n<li>5 casettes de dep\u00f3sito con una gran capacidad de 2850 billetes cada uno y una velocidad de procesamiento de hasta 10 billetes por segundo.<\/li>\n<li>M\u00f3dulo adicional para dep\u00f3sito de monedas de alto rendimiento, para un dep\u00f3sito r\u00e1pido con una gran capacidad de hasta 4000 monedas.<\/li>\n<li>Seguimiento de n\u00famero de serie: Con tecnolog\u00eda OCR (Reconocimiento \u00f3ptico de caracteres) para el seguimiento y rastreo de efectivo, la P2800N puede registrar los n\u00fameros de serie de los billetes procesados, evitando as\u00ed las dificultades de conciliaci\u00f3n de cuentas, fraudes en efectivo y otras pr\u00e1cticas enga\u00f1osas para las instituciones financieras.<\/li>\n<li>Caja fuerte UL 291 Nivel 1.<\/li>\n<li>Opciones de cerradura: Cerradura de combinaci\u00f3n mec\u00e1nica, cerradura electr\u00f3nica, cerradura con llave.<\/li>\n<li>Dimensiones:<\/li>\n<li>P2800NL: 1430 mm x 470 mm x 1215 mm (Al x An x Pr).<\/li>\n<li>Modulo Monedas: 1430 mm x 340 mm x 1215 mm (Al x An x Pr).<\/li>\n<\/ul>\n","protected":false},"excerpt":{"rendered":"<p>DEPOSITARIO DE EFECTIVO CON MODULO DE MONEDAS P2800NL<\/p>\n","protected":false},"featured_media":2550,"comment_status":"open","ping_status":"closed","template":"","meta":{"pagelayer_contact_templates":[],"_pagelayer_content":"","site-sidebar-layout":"default","site-content-layout":"","ast-site-content-layout":"default","site-content-style":"default","site-sidebar-style":"default","ast-global-header-display":"","ast-banner-title-visibility":"","ast-main-header-display":"","ast-hfb-above-header-display":"","ast-hfb-below-header-display":"","ast-hfb-mobile-header-display":"","site-post-title":"","ast-breadcrumbs-content":"","ast-featured-img":"","footer-sml-layout":"","ast-disable-related-posts":"","theme-transparent-header-meta":"","adv-header-id-meta":"","stick-header-meta":"","header-above-stick-meta":"","header-main-stick-meta":"","header-below-stick-meta":"","astra-migrate-meta-layouts":"default","ast-page-background-enabled":"default","ast-page-background-meta":{"desktop":{"background-color":"","background-image":"","background-repeat":"repeat","background-position":"center center","background-size":"auto","background-attachment":"scroll","background-type":"","background-media":"","overlay-type":"","overlay-color":"","overlay-opacity":"","overlay-gradient":""},"tablet":{"background-color":"","background-image":"","background-repeat":"repeat","background-position":"center center","background-size":"auto","background-attachment":"scroll","background-type":"","background-media":"","overlay-type":"","overlay-color":"","overlay-opacity":"","overlay-gradient":""},"mobile":{"background-color":"","background-image":"","background-repeat":"repeat","background-position":"center center","background-size":"auto","background-attachment":"scroll","background-type":"","background-media":"","overlay-type":"","overlay-color":"","overlay-opacity":"","overlay-gradient":""}},"ast-content-background-meta":{"desktop":{"background-color":"var(--ast-global-color-5)","background-image":"","background-repeat":"repeat","background-position":"center center","background-size":"auto","background-attachment":"scroll","background-type":"","background-media":"","overlay-type":"","overlay-color":"","overlay-opacity":"","overlay-gradient":""},"tablet":{"background-color":"var(--ast-global-color-5)","background-image":"","background-repeat":"repeat","background-position":"center center","background-size":"auto","background-attachment":"scroll","background-type":"","background-media":"","overlay-type":"","overlay-color":"","overlay-opacity":"","overlay-gradient":""},"mobile":{"background-color":"var(--ast-global-color-5)","background-image":"","background-repeat":"repeat","background-position":"center center","background-size":"auto","background-attachment":"scroll","background-type":"","background-media":"","overlay-type":"","overlay-color":"","overlay-opacity":"","overlay-gradient":""}},"_joinchat":[]},"product_brand":[],"product_cat":[32],"product_tag":[33],"class_list":{"0":"post-2640","1":"product","2":"type-product","3":"status-publish","4":"has-post-thumbnail","6":"product_cat-depositario-de-efectivo-con-modulo-de-monedas","7":"product_tag-p2800nl-modu-monedas","8":"desktop-align-left","9":"tablet-align-left","10":"mobile-align-left","11":"ast-product-gallery-layout-horizontal-slider","12":"ast-magnify-disabled","13":"ast-product-tabs-layout-horizontal","15":"first","16":"instock","17":"shipping-taxable","18":"purchasable","19":"product-type-simple"},"_links":{"self":[{"href":"https:\/\/bankersdecolombia.com\/index.php?rest_route=\/wp\/v2\/product\/2640","targetHints":{"allow":["GET"]}}],"collection":[{"href":"https:\/\/bankersdecolombia.com\/index.php?rest_route=\/wp\/v2\/product"}],"about":[{"href":"https:\/\/bankersdecolombia.com\/index.php?rest_route=\/wp\/v2\/types\/product"}],"replies":[{"embeddable":true,"href":"https:\/\/bankersdecolombia.com\/index.php?rest_route=%2Fwp%2Fv2%2Fcomments&post=2640"}],"wp:featuredmedia":[{"embeddable":true,"href":"https:\/\/bankersdecolombia.com\/index.php?rest_route=\/wp\/v2\/media\/2550"}],"wp:attachment":[{"href":"https:\/\/bankersdecolombia.com\/index.php?rest_route=%2Fwp%2Fv2%2Fmedia&parent=2640"}],"wp:term":[{"taxonomy":"product_brand","embeddable":true,"href":"https:\/\/bankersdecolombia.com\/index.php?rest_route=%2Fwp%2Fv2%2Fproduct_brand&post=2640"},{"taxonomy":"product_cat","embeddable":true,"href":"https:\/\/bankersdecolombia.com\/index.php?rest_route=%2Fwp%2Fv2%2Fproduct_cat&post=2640"},{"taxonomy":"product_tag","embeddable":true,"href":"https:\/\/bankersdecolombia.com\/index.php?rest_route=%2Fwp%2Fv2%2Fproduct_tag&post=2640"}],"curies":[{"name":"wp","href":"https:\/\/api.w.org\/{rel}","templated":true}]}}