{"id":2648,"date":"2025-11-11T02:06:09","date_gmt":"2025-11-11T02:06:09","guid":{"rendered":"https:\/\/201.244.122.220\/?post_type=product&#038;p=2648"},"modified":"2026-02-19T15:25:46","modified_gmt":"2026-02-19T15:25:46","slug":"reciclador-de-billetes-2","status":"publish","type":"product","link":"https:\/\/bankersdecolombia.com\/?product=reciclador-de-billetes-2","title":{"rendered":"RECICLADOR DE BILLETES"},"content":{"rendered":"<h3>Caracter\u00edsticas principales<\/h3>\n<ul>\n<li>La serie H68N est\u00e1 compuesta por recicladores de efectivo de vanguardia que trasladan las transacciones pesadas de los contadores al autoservicio.<\/li>\n<li>La tecnolog\u00eda de reciclaje reduce el volumen de reabastecimiento, disminuye la frecuencia de traslado de efectivo y baja de manera significativa el TCO de operaci\u00f3n del ATM.<\/li>\n<li>Dise\u00f1ada para alto volumen de procesamiento de efectivo, con configuraci\u00f3n escalable que permite servicios adicionales como cambio de moneda, pago de facturas, dispensaci\u00f3n de tarjetas, dispensaci\u00f3n de monedas y soluciones biom\u00e9tricas.<\/li>\n<li>M\u00e1quina que recicla billetes y dispensa monedas.<\/li>\n<li>Pantalla multit\u00e1ctil a color de 19&#8243;.<\/li>\n<li>Velocidad de dep\u00f3sito y dispensaci\u00f3n de hasta 10 billetes por segundo.<\/li>\n<li>Incluye 5 cassettes configurables con capacidad m\u00e1xima de 3350 billetes para retiro y 2850 billetes para reciclaje\/ingreso.<\/li>\n<li>1 cassette retr\u00e1ctil independiente con capacidad de 500 billetes.<\/li>\n<li>Reciclaje de hasta 8 denominaciones mediante cassettes de reciclaje duales.<\/li>\n<li>Capacidad del paquete: hasta 300 billetes.<\/li>\n<li>Dispensador de monedas integrado.<\/li>\n<li>Velocidad de dispensado de monedas: 8 unidades por segundo.<\/li>\n<li>Capacidad de la tolva: 1,86 litros, con 4 tolvas de entre 700 y 1000 monedas cada una.<\/li>\n<li>Opciones de cerradura: mec\u00e1nica de combinaci\u00f3n o cerradura electr\u00f3nica opcional.<\/li>\n<\/ul>\n","protected":false},"excerpt":{"rendered":"<p>RECICLADOR DE BILLETES H68NL<\/p>\n","protected":false},"featured_media":2530,"comment_status":"open","ping_status":"closed","template":"","meta":{"pagelayer_contact_templates":[],"_pagelayer_content":"","site-sidebar-layout":"default","site-content-layout":"","ast-site-content-layout":"default","site-content-style":"default","site-sidebar-style":"default","ast-global-header-display":"","ast-banner-title-visibility":"","ast-main-header-display":"","ast-hfb-above-header-display":"","ast-hfb-below-header-display":"","ast-hfb-mobile-header-display":"","site-post-title":"","ast-breadcrumbs-content":"","ast-featured-img":"","footer-sml-layout":"","ast-disable-related-posts":"","theme-transparent-header-meta":"default","adv-header-id-meta":"","stick-header-meta":"default","header-above-stick-meta":"","header-main-stick-meta":"","header-below-stick-meta":"","astra-migrate-meta-layouts":"set","ast-page-background-enabled":"default","ast-page-background-meta":{"desktop":{"background-color":"","background-image":"","background-repeat":"repeat","background-position":"center center","background-size":"auto","background-attachment":"scroll","background-type":"","background-media":"","overlay-type":"","overlay-color":"","overlay-opacity":"","overlay-gradient":""},"tablet":{"background-color":"","background-image":"","background-repeat":"repeat","background-position":"center center","background-size":"auto","background-attachment":"scroll","background-type":"","background-media":"","overlay-type":"","overlay-color":"","overlay-opacity":"","overlay-gradient":""},"mobile":{"background-color":"","background-image":"","background-repeat":"repeat","background-position":"center center","background-size":"auto","background-attachment":"scroll","background-type":"","background-media":"","overlay-type":"","overlay-color":"","overlay-opacity":"","overlay-gradient":""}},"ast-content-background-meta":{"desktop":{"background-color":"var(--ast-global-color-5)","background-image":"","background-repeat":"repeat","background-position":"center center","background-size":"auto","background-attachment":"scroll","background-type":"","background-media":"","overlay-type":"","overlay-color":"","overlay-opacity":"","overlay-gradient":""},"tablet":{"background-color":"var(--ast-global-color-5)","background-image":"","background-repeat":"repeat","background-position":"center center","background-size":"auto","background-attachment":"scroll","background-type":"","background-media":"","overlay-type":"","overlay-color":"","overlay-opacity":"","overlay-gradient":""},"mobile":{"background-color":"var(--ast-global-color-5)","background-image":"","background-repeat":"repeat","background-position":"center center","background-size":"auto","background-attachment":"scroll","background-type":"","background-media":"","overlay-type":"","overlay-color":"","overlay-opacity":"","overlay-gradient":""}},"_joinchat":[]},"product_brand":[],"product_cat":[45],"product_tag":[47],"class_list":{"0":"post-2648","1":"product","2":"type-product","3":"status-publish","4":"has-post-thumbnail","6":"product_cat-reciclador-de-billetes","7":"product_tag-h68nl","8":"desktop-align-left","9":"tablet-align-left","10":"mobile-align-left","11":"ast-product-gallery-layout-horizontal-slider","12":"ast-product-gallery-with-no-image","13":"ast-magnify-disabled","14":"ast-product-tabs-layout-horizontal","16":"first","17":"instock","18":"shipping-taxable","19":"purchasable","20":"product-type-simple"},"_links":{"self":[{"href":"https:\/\/bankersdecolombia.com\/index.php?rest_route=\/wp\/v2\/product\/2648","targetHints":{"allow":["GET"]}}],"collection":[{"href":"https:\/\/bankersdecolombia.com\/index.php?rest_route=\/wp\/v2\/product"}],"about":[{"href":"https:\/\/bankersdecolombia.com\/index.php?rest_route=\/wp\/v2\/types\/product"}],"replies":[{"embeddable":true,"href":"https:\/\/bankersdecolombia.com\/index.php?rest_route=%2Fwp%2Fv2%2Fcomments&post=2648"}],"wp:featuredmedia":[{"embeddable":true,"href":"https:\/\/bankersdecolombia.com\/index.php?rest_route=\/wp\/v2\/media\/2530"}],"wp:attachment":[{"href":"https:\/\/bankersdecolombia.com\/index.php?rest_route=%2Fwp%2Fv2%2Fmedia&parent=2648"}],"wp:term":[{"taxonomy":"product_brand","embeddable":true,"href":"https:\/\/bankersdecolombia.com\/index.php?rest_route=%2Fwp%2Fv2%2Fproduct_brand&post=2648"},{"taxonomy":"product_cat","embeddable":true,"href":"https:\/\/bankersdecolombia.com\/index.php?rest_route=%2Fwp%2Fv2%2Fproduct_cat&post=2648"},{"taxonomy":"product_tag","embeddable":true,"href":"https:\/\/bankersdecolombia.com\/index.php?rest_route=%2Fwp%2Fv2%2Fproduct_tag&post=2648"}],"curies":[{"name":"wp","href":"https:\/\/api.w.org\/{rel}","templated":true}]}}